r when 52270 is divided by 16.
14
Calculate the remainder when 112584 is divided by 11.
10
What is the remainder when 2334 is divided by 267?
198
What is the remainder when 24919 is divided by 4135?
109
What is the remainder when 11224 is divided by 3141?
1801
Calculate the remainder when 349037 is divided by 576.
557
Calculate the remainder when 68598 is divided by 49.
47
What is the remainder when 4279 is divided by 107?
106
What is the remainder when 186900 is divided by 37380?
0
What is the remainder when 327173 is divided by 148?
93
What is the remainder when 95545 is divided by 103?
64
Calculate the remainder when 3360 is divided by 374.
368
What is the remainder when 1665 is divided by 671?
323
What is the remainder when 66697 is divided by 205?
72
Calculate the remainder when 865407 is divided by 1639.
15
Calculate the remainder when 37556 is divided by 37550.
6
Calculate the remainder when 455 is divided by 245.
210
What is the remainder when 92452 is divided by 19?
17
Calculate the remainder when 4938 is divided by 408.
42
What is the remainder when 26429 is divided by 1872?
221
Calculate the remainder when 228749 is divided by 29.
26
What is the remainder when 982 is divided by 326?
4
Calculate the remainder when 170527 is divided by 407.
401
What is the remainder when 716 is divided by 715?
1
Calculate the remainder when 88443 is divided by 1921.
77
What is the remainder when 371889 is divided by 16168?
25
What is the remainder when 1985785 is divided by 14?
11
Calculate the remainder when 3763 is divided by 23.
14
Calculate the remainder when 17316 is divided by 2462.
82
Calculate the remainder when 462993 is divided by 65.
63
Calculate the remainder when 1817 is divided by 874.
69
What is the remainder when 299725 is divided by 29?
10
What is the remainder when 247993 is divided by 31?
24
Calculate the remainder when 952 is divided by 9.
7
Calculate the remainder when 1643 is divided by 446.
305
What is the remainder when 2646500 is divided by 42?
38
What is the remainder when 163979 is divided by 294?
221
Calculate the remainder when 225989 is divided by 486.
485
Calculate the remainder when 6179 is divided by 99.
41
What is the remainder when 666 is divided by 111?
0
What is the remainder when 737173 is divided by 5?
3
Calculate the remainder when 439 is divided by 180.
79
Calculate the remainder when 308 is divided by 49.
14
What is the remainder when 68171 is divided by 16?
11
What is the remainder when 2558 is divided by 128?
126
What is the remainder when 1003 is divided by 480?
43
What is the remainder when 891 is divided by 891?
0
Calculate the remainder when 6792 is divided by 679.
2
What is the remainder when 18851 is divided by 709?
417
What is the remainder when 780596 is divided by 60?
56
What is the remainder when 35387 is divided by 43?
41
Calculate the remainder when 6611 is divided by 57.
56
Calculate the remainder when 36090 is divided by 1501.
66
What is the remainder when 1411343 is divided by 38?
23
What is the remainder when 2616 is divided by 1299?
18
Calculate the remainder when 10735 is divided by 32.
15
What is the remainder when 21931 is divided by 7304?
19
What is the remainder when 5287916 is divided by 60?
56
Calculate the remainder when 51544 is divided by 51524.
20
What is the remainder when 8472 is divided by 7?
2
Calculate the remainder when 36510 is divided by 9.
6
What is the remainder when 7960 is divided by 1135?
15
Calculate the remainder when 14214 is divided by 214.
90
What is the remainder when 246984 is divided by 117?
114
Calculate the remainder when 3310 is divided by 659.
15
What is the remainder when 36919 is divided by 33?
25
Calculate the remainder when 4231 is divided by 1955.
321
What is the remainder when 204314 is divided by 176?
154
Calculate the remainder when 136964 is divided by 439.
435
What is the remainder when 581 is divided by 42?
35
What is the remainder when 27815 is divided by 742?
361
Calculate the remainder when 1713019 is divided by 34.
31
Calculate the remainder when 25382 is divided by 65.
32
Calculate the remainder when 44542 is divided by 162.
154
What is the remainder when 48438 is divided by 897?
0
Calculate the remainder when 4589181 is divided by 544.
541
What is the remainder when 96559 is divided by 2475?
34
Calculate the remainder when 5558 is divided by 23.
15
What is the remainder when 31533 is divided by 72?
69
Calculate the remainder when 145045 is divided by 380.
265
Calculate the remainder when 11203 is divided by 1865.
13
Calculate the remainder when 3148 is divided by 75.
73
What is the remainder when 30796 is divided by 1230?
46
What is the remainder when 10952 is divided by 17?
4
Calculate the remainder when 4694 is divided by 4514.
180
Calculate the remainder when 141109 is divided by 137.
136
Calculate the remainder when 59394 is divided by 145.
89
What is the remainder when 10913 is divided by 5?
3
Calculate the remainder when 452488 is divided by 113118.
16
Calculate the remainder when 48298 is divided by 210.
208
What is the remainder when 710207 is divided by 111?
29
What is the remainder when 2159 is divided by 356?
23
Calculate the remainder when 54832 is divided by 1192.
0
Calculate the remainder when 26996 is divided by 133.
130
Calculate the remainder when 2478 is divided by 2061.
417
Calculate the remainder when 329116 is divided by 160.
156
Calculate the remainder when 31383 is divided by 249.
9
What is the remainder when 20434 is divided by 42?
22
Calculate the remainder when 21896 is divided by 313.
299
Calculate the remainder when 873 is divided by 686.
187
Calculate the remainder when 16309 is divided by 5397.
118
Calculate the remainder when 3785 is divided by 15.
5
What is the remainder when 25736 is divided by 4271?
110
What is the remainder when 7750 is divided by 1278?
82
Calculate the remainder when 500640 is divided by 80.
0
Calculate the remainder when 3488 is divided by 387.
5
What is the remainder when 202236 is divided by 212?
200
Calculate the remainder when 233431 is divided by 84.
79
What is the remainder when 318767 is divided by 696?
695
What is the remainder when 16947 is divided by 16877?
70
Calculate the remainder when 593 is divided by 88.
65
Calculate the remainder when 24021 is divided by 231.
228
Calculate the remainder when 9929 is divided by 621.
614
What is the remainder when 253293 is divided by 745?
738
Calculate the remainder when 44923 is divided by 101.
79
What is the remainder when 4292938 is divided by 12?
10
Calculate the remainder when 4118 is divided by 2015.
88
What is the remainder when 6167 is divided by 880?
7
What is the remainder when 17374 is divided by 52?
6
Calculate the remainder when 1648 is divided by 104.
88
What is the remainder when 46149 is divided by 1403?
1253
Calculate the remainder when 15539878 is divided by 15.
13
What is the remainder when 15242 is divided by 6?
2
Calculate the remainder when 3821 is divided by 49.
48
Calculate the remainder when 4507 is divided by 250.
7
Calculate the remainder when 306043 is divided by 9.
7
What is the remainder when 376397 is divided by 66?
65
Calculate the remainder when 6945 is divided by 16.
1
Calculate the remainder when 235091 is divided by 29385.
11
What is the remainder when 351521 is divided by 6?
5
Calculate the remainder when 745463 is divided by 37.
24
What is the remainder when 71987 is divided by 17?
9
Calculate the remainder when 2781 is divided by 917.
30
Calculate the remainder when 4011 is divided by 108.
15
What is the remainder when 2347 is divided by 2203?
144
Calculate the remainder when 9954 is divided by 243.
234
What is the remainder when 25427 is divided by 6354?
11
Calculate the remainder when 1277250 is divided by 57.
51
Calculate the remainder when 133089 is divided by 132.
33
Calculate the remainder when 163576 is divided by 411.
409
Calculate the remainder when 2222223 is divided by 16.
15
Calculate the remainder when 395734 is divided by 2019.
10
What is the remainder when 6727 is divided by 522?
463
Calculate the remainder when 49644 is divided by 24771.
102
What is the remainder when 2162 is divided by 501?
158
What is the remainder when 4885 is divided by 42?
13
What is the remainder when 3903